[INFO] cloning repository https://github.com/cwbriones/typed-fizzbuzz
[INFO] running `Command { std: "git" "-c" "credential.helper=" "-c" "credential.helper=/workspace/cargo-home/bin/git-credential-null" "clone" "--bare" "https://github.com/cwbriones/typed-fizzbuzz" "/workspace/cache/git-repos/https%3A%2F%2Fgithub.com%2Fcwbriones%2Ftyped-fizzbuzz", kill_on_drop: false }`
[INFO] [stderr] Cloning into bare repository '/workspace/cache/git-repos/https%3A%2F%2Fgithub.com%2Fcwbriones%2Ftyped-fizzbuzz'...
[INFO] running `Command { std: "git" "rev-parse" "HEAD", kill_on_drop: false }`
[INFO] [stdout] e918301471b6f8b3b890d4408ec648576edd58d2
[INFO] checking cwbriones/typed-fizzbuzz against master#cfbc6d4cf1acbac5c025acf8ed68929caa551df3 for pr-75494-beta
[INFO] running `Command { std: "git" "clone" "/workspace/cache/git-repos/https%3A%2F%2Fgithub.com%2Fcwbriones%2Ftyped-fizzbuzz" "/workspace/builds/worker-7/source", kill_on_drop: false }`
[INFO] [stderr] Cloning into '/workspace/builds/worker-7/source'...
[INFO] [stderr] done.
[INFO] validating manifest of git repo https://github.com/cwbriones/typed-fizzbuzz on toolchain cfbc6d4cf1acbac5c025acf8ed68929caa551df3
[INFO] running `Command { std: "/workspace/cargo-home/bin/cargo" "+cfbc6d4cf1acbac5c025acf8ed68929caa551df3" "read-manifest" "--manifest-path" "Cargo.toml", kill_on_drop: false }`
[INFO] started tweaking git repo https://github.com/cwbriones/typed-fizzbuzz
[INFO] finished tweaking git repo https://github.com/cwbriones/typed-fizzbuzz
[INFO] tweaked toml for git repo https://github.com/cwbriones/typed-fizzbuzz written to /workspace/builds/worker-7/source/Cargo.toml
[INFO] crate git repo https://github.com/cwbriones/typed-fizzbuzz already has a lockfile, it will not be regenerated
[INFO] running `Command { std: "/workspace/cargo-home/bin/cargo" "+cfbc6d4cf1acbac5c025acf8ed68929caa551df3" "fetch" "--locked" "--manifest-path" "Cargo.toml", kill_on_drop: false }`
[INFO] running `Command { std: "docker" "create" "-v" "/var/lib/crater-agent-workspace/builds/worker-7/target:/opt/rustwide/target:rw,Z" "-v" "/var/lib/crater-agent-workspace/builds/worker-7/source:/opt/rustwide/workdir:ro,Z" "-v" "/var/lib/crater-agent-workspace/cargo-home:/opt/rustwide/cargo-home:ro,Z" "-v" "/var/lib/crater-agent-workspace/rustup-home:/opt/rustwide/rustup-home:ro,Z" "-e" "SOURCE_DIR=/opt/rustwide/workdir" "-e" "CARGO_TARGET_DIR=/opt/rustwide/target" "-e" "CARGO_HOME=/opt/rustwide/cargo-home" "-e" "RUSTUP_HOME=/opt/rustwide/rustup-home" "-w" "/opt/rustwide/workdir" "-m" "1610612736" "--user" "0:0" "--network" "none" "rustops/crates-build-env@sha256:a636fd89d022f18117e1dc8fb37a0a009933cdbbe082814857f0e2024962d47c" "/opt/rustwide/cargo-home/bin/cargo" "+cfbc6d4cf1acbac5c025acf8ed68929caa551df3" "metadata" "--no-deps" "--format-version=1", kill_on_drop: false }`
[INFO] [stdout] 7325f8e602c1202e7472ba0d2dac2b1e38bc104ecde6b0fb9d807d5211bc32dc
[INFO] [stderr] WARNING: Your kernel does not support swap limit capabilities or the cgroup is not mounted. Memory limited without swap.
[INFO] running `Command { std: "docker" "start" "-a" "7325f8e602c1202e7472ba0d2dac2b1e38bc104ecde6b0fb9d807d5211bc32dc", kill_on_drop: false }`
[INFO] running `Command { std: "docker" "inspect" "7325f8e602c1202e7472ba0d2dac2b1e38bc104ecde6b0fb9d807d5211bc32dc", kill_on_drop: false }`
[INFO] running `Command { std: "docker" "rm" "-f" "7325f8e602c1202e7472ba0d2dac2b1e38bc104ecde6b0fb9d807d5211bc32dc", kill_on_drop: false }`
[INFO] [stdout] 7325f8e602c1202e7472ba0d2dac2b1e38bc104ecde6b0fb9d807d5211bc32dc
[INFO] running `Command { std: "docker" "create" "-v" "/var/lib/crater-agent-workspace/builds/worker-7/target:/opt/rustwide/target:rw,Z" "-v" "/var/lib/crater-agent-workspace/builds/worker-7/source:/opt/rustwide/workdir:ro,Z" "-v" "/var/lib/crater-agent-workspace/cargo-home:/opt/rustwide/cargo-home:ro,Z" "-v" "/var/lib/crater-agent-workspace/rustup-home:/opt/rustwide/rustup-home:ro,Z" "-e" "SOURCE_DIR=/opt/rustwide/workdir" "-e" "CARGO_TARGET_DIR=/opt/rustwide/target" "-e" "CARGO_INCREMENTAL=0" "-e" "RUST_BACKTRACE=full" "-e" "RUSTFLAGS=--cap-lints=forbid" "-e" "CARGO_HOME=/opt/rustwide/cargo-home" "-e" "RUSTUP_HOME=/opt/rustwide/rustup-home" "-w" "/opt/rustwide/workdir" "-m" "1610612736" "--user" "0:0" "--network" "none" "rustops/crates-build-env@sha256:a636fd89d022f18117e1dc8fb37a0a009933cdbbe082814857f0e2024962d47c" "/opt/rustwide/cargo-home/bin/cargo" "+cfbc6d4cf1acbac5c025acf8ed68929caa551df3" "check" "--frozen" "--all" "--all-targets" "--message-format=json", kill_on_drop: false }`
[INFO] [stdout] cbe87914a4c03811f2d50d79c6bfcfdf6f4e2a55d924fa3c5c88d1aaffa63c82
[INFO] [stderr] WARNING: Your kernel does not support swap limit capabilities or the cgroup is not mounted. Memory limited without swap.
[INFO] running `Command { std: "docker" "start" "-a" "cbe87914a4c03811f2d50d79c6bfcfdf6f4e2a55d924fa3c5c88d1aaffa63c82", kill_on_drop: false }`
[INFO] [stderr]     Blocking waiting for file lock on package cache
[INFO] [stderr]     Blocking waiting for file lock on package cache
[INFO] [stderr]     Blocking waiting for file lock on package cache
[INFO] [stderr]     Checking fizzbuzz v0.1.0 (/opt/rustwide/workdir)
[INFO] [stdout] error[E0554]: `#![feature]` may not be used on the beta release channel
[INFO] [stdout]  --> src/main.rs:1:1
[INFO] [stdout]   |
[INFO] [stdout] 1 | #![feature(const_fn)]
[INFO] [stdout]   | ^^^^^^^^^^^^^^^^^^^^^
[INFO] [stdout] 
[INFO] [stdout] 
[INFO] [stdout] error[E0554]: `#![feature]` may not be used on the beta release channel
[INFO] [stdout]  --> src/main.rs:1:1
[INFO] [stdout]   |
[INFO] [stdout] 1 | #![feature(const_fn)]
[INFO] [stdout]   | ^^^^^^^^^^^^^^^^^^^^^
[INFO] [stdout] 
[INFO] [stdout] 
[INFO] [stdout] error[E0308]: mismatched types
[INFO] [stdout]  --> src/main.rs:5:22
[INFO] [stdout]   |
[INFO] [stdout] 5 |     let _: Program = ();
[INFO] [stdout]   |            -------   ^^ expected struct `Cons`, found `()`
[INFO] [stdout]   |            |
[INFO] [stdout]   |            expected due to this
[INFO] [stdout]   |
[INFO] [stdout]   = note: expected struct `Cons<FizzBuzz, Cons<Say<S<Zero>>, Cons<Say<S<S<Zero>>>, Cons<Fizz, Cons<Say<S<S<S<S<Zero>>>>>, Cons<Buzz, Cons<Fizz, Cons<Say<S<S<S<S<S<S<S<Zero>>>>>>>>, Cons<Say<S<S<S<S<S<S<S<S<Zero>>>>>>>>>, Cons<Fizz, Cons<Buzz, Cons<Say<S<S<S<S<S<S<S<S<S<S<S<Zero>>>>>>>>>>>>, Cons<Fizz, Cons<Say<S<S<S<S<S<S<S<S<S<S<S<S<S<Zero>>>>>>>>>>>>>>, Cons<Say<S<S<S<S<S<S<S<S<S<S<S<S<S<S<Zero>>>>>>>>>>>>>>>, Cons<FizzBuzz, Nil>>>>>>>>>>>>>>>>`
[INFO] [stdout]           found unit type `()`
[INFO] [stdout] 
[INFO] [stdout] 
[INFO] [stdout] error: aborting due to 2 previous errors
[INFO] [stdout] 
[INFO] [stdout] 
[INFO] [stdout] Some errors have detailed explanations: E0308, E0554.
[INFO] [stdout] 
[INFO] [stdout] For more information about an error, try `rustc --explain E0308`.
[INFO] [stdout] 
[INFO] [stderr] error: could not compile `fizzbuzz`.
[INFO] [stderr] 
[INFO] [stderr] To learn more, run the command again with --verbose.
[INFO] [stderr] warning: build failed, waiting for other jobs to finish...
[INFO] [stdout] error[E0308]: mismatched types
[INFO] [stdout]  --> src/main.rs:5:22
[INFO] [stdout]   |
[INFO] [stdout] 5 |     let _: Program = ();
[INFO] [stdout]   |            -------   ^^ expected struct `Cons`, found `()`
[INFO] [stdout]   |            |
[INFO] [stdout]   |            expected due to this
[INFO] [stdout]   |
[INFO] [stdout]   = note: expected struct `Cons<FizzBuzz, Cons<Say<S<Zero>>, Cons<Say<S<S<Zero>>>, Cons<Fizz, Cons<Say<S<S<S<S<Zero>>>>>, Cons<Buzz, Cons<Fizz, Cons<Say<S<S<S<S<S<S<S<Zero>>>>>>>>, Cons<Say<S<S<S<S<S<S<S<S<Zero>>>>>>>>>, Cons<Fizz, Cons<Buzz, Cons<Say<S<S<S<S<S<S<S<S<S<S<S<Zero>>>>>>>>>>>>, Cons<Fizz, Cons<Say<S<S<S<S<S<S<S<S<S<S<S<S<S<Zero>>>>>>>>>>>>>>, Cons<Say<S<S<S<S<S<S<S<S<S<S<S<S<S<S<Zero>>>>>>>>>>>>>>>, Cons<FizzBuzz, Nil>>>>>>>>>>>>>>>>`
[INFO] [stdout]           found unit type `()`
[INFO] [stdout] 
[INFO] [stdout] 
[INFO] [stdout] error: aborting due to 2 previous errors
[INFO] [stdout] 
[INFO] [stdout] 
[INFO] [stdout] Some errors have detailed explanations: E0308, E0554.
[INFO] [stdout] 
[INFO] [stdout] For more information about an error, try `rustc --explain E0308`.
[INFO] [stdout] 
[INFO] [stderr] error: build failed
[INFO] running `Command { std: "docker" "inspect" "cbe87914a4c03811f2d50d79c6bfcfdf6f4e2a55d924fa3c5c88d1aaffa63c82", kill_on_drop: false }`
[INFO] running `Command { std: "docker" "rm" "-f" "cbe87914a4c03811f2d50d79c6bfcfdf6f4e2a55d924fa3c5c88d1aaffa63c82", kill_on_drop: false }`
[INFO] [stdout] cbe87914a4c03811f2d50d79c6bfcfdf6f4e2a55d924fa3c5c88d1aaffa63c82
